{"id":131,"date":"2023-10-30T15:25:02","date_gmt":"2023-10-30T15:25:02","guid":{"rendered":"https:\/\/cultiveresistencia.org\/festival\/?page_id=131"},"modified":"2026-02-11T14:03:53","modified_gmt":"2026-02-11T14:03:53","slug":"envie-sua-proposta","status":"publish","type":"page","link":"https:\/\/cultiveresistencia.org\/festival\/envie-sua-proposta\/","title":{"rendered":"Envie sua proposta"},"content":{"rendered":"<p>[et_pb_section fb_built=&#8221;1&#8243; admin_label=&#8221;Header&#8221; _builder_version=&#8221;4.27.4&#8243; _module_preset=&#8221;default&#8221; background_color=&#8221;#000000&#8243; background_enable_image=&#8221;off&#8221; custom_padding=&#8221;||0px||false|false&#8221; locked=&#8221;off&#8221; global_colors_info=&#8221;{}&#8221;][et_pb_row _builder_version=&#8221;4.16&#8243; _module_preset=&#8221;default&#8221; positioning=&#8221;none&#8221; position_origin_a=&#8221;bottom_left&#8221; width=&#8221;100%&#8221; max_width=&#8221;none&#8221; custom_margin=&#8221;||||false|false&#8221; custom_padding=&#8221;0px||0px||false|false&#8221; locked=&#8221;off&#8221; global_colors_info=&#8221;{}&#8221;][et_pb_column type=&#8221;4_4&#8243; _builder_version=&#8221;4.16&#8243; _module_preset=&#8221;default&#8221; custom_padding=&#8221;||0px||false|false&#8221; global_colors_info=&#8221;{}&#8221;][et_pb_image src=&#8221;https:\/\/cultiveresistencia.org\/festival\/wp-content\/uploads\/2023\/10\/bushcraft-31.png&#8221; title_text=&#8221;bushcraft-31&#8243; _builder_version=&#8221;4.16&#8243; _module_preset=&#8221;default&#8221; custom_margin=&#8221;||0px||false|false&#8221; global_colors_info=&#8221;{}&#8221;][\/et_pb_image][\/et_pb_column][\/et_pb_row][\/et_pb_section][et_pb_section fb_built=&#8221;1&#8243; admin_label=&#8221;About&#8221; _builder_version=&#8221;4.16&#8243; _module_preset=&#8221;default&#8221; background_color=&#8221;#fffdf7&#8243; background_enable_image=&#8221;off&#8221; background_size=&#8221;initial&#8221; background_position=&#8221;bottom_center&#8221; locked=&#8221;off&#8221; global_colors_info=&#8221;{}&#8221;][et_pb_row _builder_version=&#8221;4.16&#8243; _module_preset=&#8221;default&#8221; global_colors_info=&#8221;{}&#8221;][et_pb_column type=&#8221;4_4&#8243; _builder_version=&#8221;4.16&#8243; _module_preset=&#8221;default&#8221; global_colors_info=&#8221;{}&#8221;][et_pb_image src=&#8221;https:\/\/cultiveresistencia.org\/festival\/wp-content\/uploads\/2023\/10\/anabolatrans.png&#8221; title_text=&#8221;anabolatrans&#8221; align=&#8221;center&#8221; _builder_version=&#8221;4.22.2&#8243; _module_preset=&#8221;default&#8221; global_colors_info=&#8221;{}&#8221;][\/et_pb_image][et_pb_text _builder_version=&#8221;4.27.4&#8243; _module_preset=&#8221;83d94e9b-bff8-4c15-9e33-e7b1a7a21887&#8243; header_2_font=&#8221;Josefin Sans|600|||||||&#8221; header_2_text_align=&#8221;center&#8221; header_2_text_color=&#8221;#de6b00&#8243; header_2_font_size=&#8221;48px&#8221; header_2_letter_spacing=&#8221;-1px&#8221; header_2_line_height=&#8221;1.2em&#8221; header_2_font_size_tablet=&#8221;32px&#8221; header_2_font_size_phone=&#8221;20px&#8221; header_2_font_size_last_edited=&#8221;on|phone&#8221; locked=&#8221;off&#8221; global_colors_info=&#8221;{}&#8221;]<\/p>\n<h2>Como participar<\/h2>\n<p>[\/et_pb_text][et_pb_image src=&#8221;https:\/\/cultiveresistencia.org\/festival\/wp-content\/uploads\/2023\/10\/divider.png&#8221; title_text=&#8221;divider&#8221; align=&#8221;center&#8221; _builder_version=&#8221;4.16&#8243; _module_preset=&#8221;default&#8221; global_colors_info=&#8221;{}&#8221;][\/et_pb_image][\/et_pb_column][\/et_pb_row][et_pb_row _builder_version=&#8221;4.23.1&#8243; _module_preset=&#8221;default&#8221; global_colors_info=&#8221;{}&#8221;][et_pb_column type=&#8221;4_4&#8243; _builder_version=&#8221;4.23.1&#8243; _module_preset=&#8221;default&#8221; global_colors_info=&#8221;{}&#8221;][et_pb_text _builder_version=&#8221;4.27.4&#8243; _module_preset=&#8221;default&#8221; text_font=&#8221;Newsreader||||||||&#8221; text_font_size=&#8221;16px&#8221; text_orientation=&#8221;justified&#8221; global_colors_info=&#8221;{}&#8221;]<\/p>\n<div dir=\"ltr\" class=\"gmail_signature\" data-smartmail=\"gmail_signature\" style=\"text-align: justify;\">\n<p><span style=\"color: #000000;\"><strong>VENHA CONSTRUIR O FESTIVAL JUNTO COM A GENTE!<\/strong><\/span><\/p>\n<p><span>Com o objetivo de conhecer novas a\u00e7\u00f5es de luta e resist\u00eancia, estamos recebendo propostas de rodas de conversa, oficinas, apresenta\u00e7\u00f5es culturais, shows, exposi\u00e7\u00e3o, cinema, banquinhas de editoras e materiais independentes, entre outros.<\/span><\/p>\n<p><strong>Para enviar uma proposta de atividade <span style=\"text-decoration: underline; color: #000000;\">leia atentamente as instru\u00e7\u00f5es abaixo<\/span> e preencha o formul\u00e1rio:<\/strong><\/p>\n<p>1) O Festival Cultive Resist\u00eancia busca reunir a\u00e7\u00f5es e pessoas inconformadas. Este \u00e9 um Festival \u00a0para propor mudan\u00e7as neste mundo.<\/p>\n<p>2) \u00a0Abrimos este espa\u00e7o para que possamos conhecer projetos que est\u00e3o longe de nossos olhos e, por isso, pedimos que envie sua proposta somente por este formul\u00e1rio. N\u00e3o envie nada em nossas redes sociais.<\/p>\n<p>3) Definimos atividades como: palestra, oficina, teatro, performance, filme, exposi\u00e7\u00e3o, banda, apresenta\u00e7\u00e3o cultural ou algo que voc\u00ea acredite se encaixar na proposta do Festival.<\/p>\n<p>4) Somos um Festival Fa\u00e7a Voc\u00ea Mesmo. Todo recurso obtido no festival \u00e9 revertido para custear o pr\u00f3prio evento. Faremos o poss\u00edvel para apoiar financeiramente os custos da sua atividade\/apresenta\u00e7\u00e3o no Festival. Se voc\u00ea precisa de cach\u00ea, o Festival n\u00e3o \u00e9 o seu lugar.<\/p>\n<p>5) N\u00e3o h\u00e1 necessidade de incluir material de marketing, an\u00e1lises profissionais, cita\u00e7\u00f5es em sites, etc, pois N\u00d3S N\u00c3O LEMOS. Fa\u00e7a uma descri\u00e7\u00e3o breve e objetiva e lembre-se, essa descri\u00e7\u00e3o \u00e9 a que usaremos para divulgar sua atividade.<\/p>\n<p>6) Precisamos de uma imagem \/ foto que represente sua atividade, pois vai ser ela que vamos utilizar na divulga\u00e7\u00e3o de nossa programa\u00e7\u00e3o. Ent\u00e3o, antes de preencher o formul\u00e1rio j\u00e1 deixe isto preparado.<\/p>\n<p>7) Se voc\u00ea \u00e9 uma banda, envie link do seu site, bandcamp, youtube ou outra plataforma gratuita. \u00a0N\u00e3o envie link do Spotfy ou plataformas pagas. N\u00f3s n\u00e3o ouviremos. Saiba, n\u00e3o nos interessa bandas que buscam o mainstream. O Festival apoia somente bandas ligadas diretamente \u00e0 comunidade Fa\u00e7a Voc\u00ea Mesmo!<\/p>\n<p>8) Para outras atividades que n\u00e3o seja banda, caso tenha, envie um link de site, fotos da atividade, rede social do projeto, entre outros.<\/p>\n<p>9) Se voc\u00ea est\u00e1 em turn\u00ea com seu projeto e realmente precisa de uma resposta r\u00e1pida, pedimos para que envie um email para festival@cultiveresistencia.org com o assunto: TOUR. Assim conseguimos identificar e te responder mais r\u00e1pido.<\/p>\n<p>10) As propostas s\u00f3 poder\u00e3o ser enviadas at\u00e9 dia 10 de fevereiro de 2026, depois disso n\u00e3o receberemos mais nenhuma proposta.<\/p>\n<p>11) Se sua atividade for selecionada para o Festival, enviaremos um email para concluirmos os detalhes. Fique de olho no seu SPAM, pois se n\u00e3o obtivermos resposta no prazo estipulado via email, colocaremos outra atividade no lugar.<\/p>\n<p>Estamos felizes em receber sua proposta de atividade!! Clique no bot\u00e3o para acessar o formul\u00e1rio.<\/p>\n<\/div>\n<p>[\/et_pb_text][\/et_pb_column][\/et_pb_row][et_pb_row column_structure=&#8221;1_3,1_3,1_3&#8243; _builder_version=&#8221;4.27.4&#8243; _module_preset=&#8221;default&#8221; global_colors_info=&#8221;{}&#8221;][et_pb_column type=&#8221;1_3&#8243; _builder_version=&#8221;4.27.4&#8243; _module_preset=&#8221;default&#8221; global_colors_info=&#8221;{}&#8221;][et_pb_image src=&#8221;https:\/\/cultiveresistencia.org\/festival\/wp-content\/uploads\/2025\/10\/IMG_9832-scaled.jpg&#8221; title_text=&#8221;IMG_9832&#8243; _builder_version=&#8221;4.27.4&#8243; _module_preset=&#8221;default&#8221; border_width_all=&#8221;6px&#8221; global_colors_info=&#8221;{}&#8221;][\/et_pb_image][et_pb_text _builder_version=&#8221;4.27.4&#8243; _module_preset=&#8221;default&#8221; global_colors_info=&#8221;{}&#8221;]<\/p>\n<h3 style=\"text-align: center;\"><strong>Para envio de atividades<\/strong><\/h3>\n<p style=\"text-align: center;\"><strong>palestras &#8211; oficinas &#8211; teatro &#8211; exposi\u00e7\u00f5es &#8211; filmes &#8211; rodas de conversa<\/strong><\/p>\n<p>[\/et_pb_text][et_pb_button button_text=&#8221;Encerrado&#8221; button_alignment=&#8221;center&#8221; _builder_version=&#8221;4.27.4&#8243; _module_preset=&#8221;default&#8221; custom_button=&#8221;on&#8221; button_text_size=&#8221;15px&#8221; button_text_color=&#8221;#FFFFFF&#8221; button_bg_color=&#8221;#000000&#8243; button_border_color=&#8221;#000000&#8243; button_border_radius=&#8221;27px&#8221; button_use_icon=&#8221;off&#8221; hover_enabled=&#8221;0&#8243; global_colors_info=&#8221;{}&#8221; sticky_enabled=&#8221;0&#8243;][\/et_pb_button][\/et_pb_column][et_pb_column type=&#8221;1_3&#8243; _builder_version=&#8221;4.27.4&#8243; _module_preset=&#8221;default&#8221; global_colors_info=&#8221;{}&#8221;][et_pb_image src=&#8221;https:\/\/cultiveresistencia.org\/festival\/wp-content\/uploads\/2025\/10\/465739675_8875815475774125_7572266324140951837_n.jpg&#8221; title_text=&#8221;465739675_8875815475774125_7572266324140951837_n&#8221; _builder_version=&#8221;4.27.4&#8243; _module_preset=&#8221;default&#8221; border_width_all=&#8221;6px&#8221; global_colors_info=&#8221;{}&#8221;][\/et_pb_image][et_pb_text _builder_version=&#8221;4.27.4&#8243; _module_preset=&#8221;default&#8221; global_colors_info=&#8221;{}&#8221;]<\/p>\n<h3 style=\"text-align: center;\"><strong>Para envio de shows<\/strong><\/h3>\n<p style=\"text-align: center;\"><strong>bandas &#8211; apresenta\u00e7\u00f5es culturais &#8211; performance<\/strong><\/p>\n<p>[\/et_pb_text][et_pb_button button_text=&#8221;Encerrado&#8221; button_alignment=&#8221;center&#8221; _builder_version=&#8221;4.27.4&#8243; _module_preset=&#8221;default&#8221; custom_button=&#8221;on&#8221; button_text_size=&#8221;15px&#8221; button_text_color=&#8221;#FFFFFF&#8221; button_bg_color=&#8221;#000000&#8243; button_border_color=&#8221;#000000&#8243; button_border_radius=&#8221;27px&#8221; button_use_icon=&#8221;off&#8221; hover_enabled=&#8221;0&#8243; global_colors_info=&#8221;{}&#8221; sticky_enabled=&#8221;0&#8243;][\/et_pb_button][\/et_pb_column][et_pb_column type=&#8221;1_3&#8243; _builder_version=&#8221;4.27.4&#8243; _module_preset=&#8221;default&#8221; global_colors_info=&#8221;{}&#8221;][et_pb_image src=&#8221;https:\/\/cultiveresistencia.org\/festival\/wp-content\/uploads\/2025\/11\/465975068_8875805955775077_5476881707788021122_n.jpg&#8221; title_text=&#8221;465975068_8875805955775077_5476881707788021122_n&#8221; _builder_version=&#8221;4.27.4&#8243; _module_preset=&#8221;default&#8221; global_colors_info=&#8221;{}&#8221;][\/et_pb_image][et_pb_text _builder_version=&#8221;4.27.4&#8243; _module_preset=&#8221;default&#8221; global_colors_info=&#8221;{}&#8221;]<\/p>\n<h3 style=\"text-align: center;\"><strong>Para envio de expositores<\/strong><\/h3>\n<p style=\"text-align: center;\"><strong>editoras &#8211; distribuidoras de material independente &#8211; banquinhas<\/strong><\/p>\n<p>[\/et_pb_text][et_pb_button button_text=&#8221;Encerrado&#8221; button_alignment=&#8221;center&#8221; _builder_version=&#8221;4.27.4&#8243; _module_preset=&#8221;default&#8221; custom_button=&#8221;on&#8221; button_text_size=&#8221;15px&#8221; button_text_color=&#8221;#FFFFFF&#8221; button_bg_color=&#8221;#000000&#8243; button_border_color=&#8221;#000000&#8243; button_border_radius=&#8221;27px&#8221; button_use_icon=&#8221;off&#8221; hover_enabled=&#8221;0&#8243; global_colors_info=&#8221;{}&#8221; sticky_enabled=&#8221;0&#8243;][\/et_pb_button][\/et_pb_column][\/et_pb_row][\/et_pb_section][et_pb_section fb_built=&#8221;1&#8243; admin_label=&#8221;Footer&#8221; _builder_version=&#8221;4.27.4&#8243; _module_preset=&#8221;default&#8221; background_color=&#8221;#000000&#8243; background_enable_image=&#8221;off&#8221; custom_padding=&#8221;0px||5vw||false|false&#8221; locked=&#8221;off&#8221; global_colors_info=&#8221;{}&#8221;][et_pb_row _builder_version=&#8221;4.16&#8243; _module_preset=&#8221;default&#8221; width=&#8221;100%&#8221; max_width=&#8221;none&#8221; custom_padding=&#8221;0px||||false|false&#8221; locked=&#8221;off&#8221; global_colors_info=&#8221;{}&#8221;][et_pb_column type=&#8221;4_4&#8243; _builder_version=&#8221;4.16&#8243; _module_preset=&#8221;default&#8221; global_colors_info=&#8221;{}&#8221;][et_pb_image src=&#8221;https:\/\/cultiveresistencia.org\/festival\/wp-content\/uploads\/2023\/10\/bushcraft-30.png&#8221; title_text=&#8221;bushcraft-30&#8243; _builder_version=&#8221;4.16&#8243; _module_preset=&#8221;default&#8221; global_colors_info=&#8221;{}&#8221;][\/et_pb_image][\/et_pb_column][\/et_pb_row][et_pb_row column_structure=&#8221;1_4,1_4,1_2&#8243; use_custom_gutter=&#8221;on&#8221; gutter_width=&#8221;2&#8243; make_equal=&#8221;on&#8221; _builder_version=&#8221;4.16&#8243; _module_preset=&#8221;default&#8221; custom_margin=&#8221;||||false|false&#8221; global_colors_info=&#8221;{}&#8221;][et_pb_column type=&#8221;1_4&#8243; _builder_version=&#8221;4.16&#8243; _module_preset=&#8221;default&#8221; background_color=&#8221;#f3ede2&#8243; custom_padding=&#8221;40px|20px|40px|20px|false|true&#8221; custom_padding_tablet=&#8221;30px|30px|30px|30px|true|true&#8221; custom_padding_last_edited=&#8221;off|tablet&#8221; global_colors_info=&#8221;{}&#8221;][et_pb_text _builder_version=&#8221;4.22.2&#8243; _module_preset=&#8221;c34dec4a-f76d-4c50-bb7e-b3aa21f11d19&#8243; header_4_font=&#8221;Josefin Sans|600|||||||&#8221; header_4_text_color=&#8221;#202020&#8243; header_4_font_size=&#8221;24px&#8221; header_4_line_height=&#8221;1.5em&#8221; custom_margin=&#8221;||0px||false|false&#8221; header_4_font_size_tablet=&#8221;16px&#8221; header_4_font_size_phone=&#8221;14px&#8221; header_4_font_size_last_edited=&#8221;on|tablet&#8221; locked=&#8221;off&#8221; global_colors_info=&#8221;{}&#8221;]<\/p>\n<h4>Nossas Redes<\/h4>\n<p>[\/et_pb_text][et_pb_social_media_follow _builder_version=&#8221;4.22.2&#8243; _module_preset=&#8221;default&#8221; border_radii=&#8221;on|0px|0px|0px|0px&#8221; global_colors_info=&#8221;{}&#8221;][et_pb_social_media_follow_network social_network=&#8221;instagram&#8221; url=&#8221;https:\/\/www.instagram.com\/cultiveresistencia\/&#8221; _builder_version=&#8221;4.22.2&#8243; _module_preset=&#8221;default&#8221; background_color=&#8221;#ea2c59&#8243; background_enable_color=&#8221;on&#8221; global_colors_info=&#8221;{}&#8221; follow_button=&#8221;off&#8221; url_new_window=&#8221;on&#8221;]instagram[\/et_pb_social_media_follow_network][et_pb_social_media_follow_network social_network=&#8221;facebook&#8221; url=&#8221;https:\/\/www.facebook.com\/cultiveresist\/&#8221; _builder_version=&#8221;4.22.2&#8243; _module_preset=&#8221;default&#8221; background_color=&#8221;#000000&#8243; background_enable_color=&#8221;on&#8221; global_colors_info=&#8221;{}&#8221; follow_button=&#8221;off&#8221; url_new_window=&#8221;on&#8221;]facebook[\/et_pb_social_media_follow_network][et_pb_social_media_follow_network social_network=&#8221;youtube&#8221; url=&#8221;https:\/\/www.youtube.com\/channel\/UCzSCOxCFhb46WTmNSB5bZxw&#8221; _builder_version=&#8221;4.22.2&#8243; _module_preset=&#8221;default&#8221; background_color=&#8221;#000000&#8243; background_enable_color=&#8221;on&#8221; global_colors_info=&#8221;{}&#8221; follow_button=&#8221;off&#8221; url_new_window=&#8221;on&#8221;]youtube[\/et_pb_social_media_follow_network][\/et_pb_social_media_follow][\/et_pb_column][et_pb_column type=&#8221;1_4&#8243; _builder_version=&#8221;4.16&#8243; _module_preset=&#8221;default&#8221; background_color=&#8221;#f3ede2&#8243; custom_padding=&#8221;40px|20px|40px|20px|false|true&#8221; global_colors_info=&#8221;{}&#8221;][et_pb_text _builder_version=&#8221;4.22.2&#8243; _module_preset=&#8221;c34dec4a-f76d-4c50-bb7e-b3aa21f11d19&#8243; header_4_font=&#8221;Josefin Sans|600|||||||&#8221; header_4_text_color=&#8221;#202020&#8243; header_4_font_size=&#8221;24px&#8221; header_4_line_height=&#8221;1.5em&#8221; custom_margin=&#8221;||0px||false|false&#8221; header_4_font_size_tablet=&#8221;16px&#8221; header_4_font_size_phone=&#8221;14px&#8221; header_4_font_size_last_edited=&#8221;on|tablet&#8221; locked=&#8221;off&#8221; global_colors_info=&#8221;{}&#8221;]<\/p>\n<h4>Contato<\/h4>\n<p>[\/et_pb_text][et_pb_text _builder_version=&#8221;4.22.2&#8243; _module_preset=&#8221;102bef9d-a6b9-41f0-af77-1ed5b7bd0593&#8243; text_font=&#8221;Newsreader||||||||&#8221; text_text_color=&#8221;#666666&#8243; text_font_size=&#8221;15px&#8221; text_line_height=&#8221;1.8em&#8221; link_font=&#8221;Newsreader||||||||&#8221; link_text_color=&#8221;#7b7b7b&#8221; link_font_size=&#8221;16px&#8221; link_line_height=&#8221;1.3em&#8221; text_font_size_tablet=&#8221;15px&#8221; text_font_size_phone=&#8221;14px&#8221; text_font_size_last_edited=&#8221;on|desktop&#8221; locked=&#8221;off&#8221; global_colors_info=&#8221;{}&#8221;]<\/p>\n<p>festival@cultiveresistencia.org<\/p>\n<p>[\/et_pb_text][\/et_pb_column][et_pb_column type=&#8221;1_2&#8243; _builder_version=&#8221;4.16&#8243; _module_preset=&#8221;default&#8221; custom_padding=&#8221;40px|20px|40px|20px|true|true&#8221; global_colors_info=&#8221;{}&#8221;][et_pb_text _builder_version=&#8221;4.22.2&#8243; _module_preset=&#8221;c34dec4a-f76d-4c50-bb7e-b3aa21f11d19&#8243; header_4_font=&#8221;Josefin Sans||||||||&#8221; header_4_text_color=&#8221;#FFFFFF&#8221; header_4_font_size=&#8221;22px&#8221; header_4_line_height=&#8221;1.5em&#8221; custom_margin=&#8221;||0px||false|false&#8221; header_4_font_size_tablet=&#8221;16px&#8221; header_4_font_size_phone=&#8221;14px&#8221; header_4_font_size_last_edited=&#8221;on|tablet&#8221; locked=&#8221;off&#8221; global_colors_info=&#8221;{}&#8221;]<\/p>\n<h4>Grupo do Telegram<\/h4>\n<p>[\/et_pb_text][et_pb_button button_url=&#8221;https:\/\/t.me\/+YSAepIxhlHwzMzIx&#8221; url_new_window=&#8221;on&#8221; button_text=&#8221;Clique para entrar&#8221; _builder_version=&#8221;4.23.1&#8243; _module_preset=&#8221;default&#8221; custom_button=&#8221;on&#8221; button_text_color=&#8221;#FFFFFF&#8221; button_bg_color=&#8221;#f28100&#8243; button_border_width=&#8221;0px&#8221; button_border_color=&#8221;#FFFFFF&#8221; button_font=&#8221;Newsreader||||||||&#8221; global_colors_info=&#8221;{}&#8221;][\/et_pb_button][\/et_pb_column][\/et_pb_row][\/et_pb_section]<\/p>\n","protected":false},"excerpt":{"rendered":"<p>Como participar VENHA CONSTRUIR O FESTIVAL JUNTO COM A GENTE! Com o objetivo de conhecer novas a\u00e7\u00f5es de luta e resist\u00eancia, estamos recebendo propostas de rodas de conversa, oficinas, apresenta\u00e7\u00f5es culturais, shows, exposi\u00e7\u00e3o, cinema, banquinhas de editoras e materiais independentes, entre outros. Para enviar uma proposta de atividade leia atentamente as instru\u00e7\u00f5es abaixo e preencha [&hellip;]<\/p>\n","protected":false},"author":1,"featured_media":0,"parent":0,"menu_order":0,"comment_status":"closed","ping_status":"closed","template":"","meta":{"_et_pb_use_builder":"on","_et_pb_old_content":"<!-- wp:divi\/placeholder \/-->","_et_gb_content_width":"","footnotes":""},"class_list":["post-131","page","type-page","status-publish","hentry"],"_links":{"self":[{"href":"https:\/\/cultiveresistencia.org\/festival\/wp-json\/wp\/v2\/pages\/131","targetHints":{"allow":["GET"]}}],"collection":[{"href":"https:\/\/cultiveresistencia.org\/festival\/wp-json\/wp\/v2\/pages"}],"about":[{"href":"https:\/\/cultiveresistencia.org\/festival\/wp-json\/wp\/v2\/types\/page"}],"author":[{"embeddable":true,"href":"https:\/\/cultiveresistencia.org\/festival\/wp-json\/wp\/v2\/users\/1"}],"replies":[{"embeddable":true,"href":"https:\/\/cultiveresistencia.org\/festival\/wp-json\/wp\/v2\/comments?post=131"}],"version-history":[{"count":17,"href":"https:\/\/cultiveresistencia.org\/festival\/wp-json\/wp\/v2\/pages\/131\/revisions"}],"predecessor-version":[{"id":1259,"href":"https:\/\/cultiveresistencia.org\/festival\/wp-json\/wp\/v2\/pages\/131\/revisions\/1259"}],"wp:attachment":[{"href":"https:\/\/cultiveresistencia.org\/festival\/wp-json\/wp\/v2\/media?parent=131"}],"curies":[{"name":"wp","href":"https:\/\/api.w.org\/{rel}","templated":true}]}}